Calculate the remainder when 3860 is divided by 92.
88
What is the remainder when 458 is divided by 140?
38
What is the remainder when 1047 is divided by 39?
33
What is the remainder when 1260 is divided by 251?
5
What is the remainder when 354 is divided by 33?
24
What is the remainder when 2355 is divided by 76?
75
Calculate the remainder when 13 is divided by 10.
3
What is the remainder when 966 is divided by 122?
112
Calculate the remainder when 254 is divided by 35.
9
Calculate the remainder when 143 is divided by 133.
10
What is the remainder when 53 is divided by 11?
9
What is the remainder when 1123 is divided by 222?
13
Calculate the remainder when 74 is divided by 18.
2
What is the remainder when 111 is divided by 49?
13
What is the remainder when 78 is divided by 7?
1
What is the remainder when 89 is divided by 15?
14
Calculate the remainder when 65 is divided by 1.
0
Calculate the remainder when 110 is divided by 20.
10
Calculate the remainder when 217 is divided by 17.
13
What is the remainder when 426 is divided by 27?
21
Calculate the remainder when 403 is divided by 67.
1
Calculate the remainder when 98 is divided by 24.
2
What is the remainder when 73 is divided by 16?
9
What is the remainder when 191 is divided by 22?
15
Calculate the remainder when 609 is divided by 71.
41
Calculate the remainder when 167 is divided by 34.
31
Calculate the remainder when 114 is divided by 62.
52
Calculate the remainder when 2677 is divided by 13.
12
Calculate the remainder when 332 is divided by 85.
77
Calculate the remainder when 1276 is divided by 71.
69
Calculate the remainder when 4430 is divided by 24.
14
What is the remainder when 205 is divided by 71?
63
What is the remainder when 371 is divided by 75?
71
Calculate the remainder when 81 is divided by 28.
25
Calculate the remainder when 126 is divided by 29.
10
What is the remainder when 602 is divided by 84?
14
Calculate the remainder when 676 is divided by 188.
112
What is the remainder when 83 is divided by 22?
17
What is the remainder when 303 is divided by 15?
3
Calculate the remainder when 398 is divided by 81.
74
What is the remainder when 215 is divided by 46?
31
Calculate the remainder when 1678 is divided by 48.
46
What is the remainder when 223 is divided by 14?
13
What is the remainder when 756 is divided by 377?
2
Calculate the remainder when 116 is divided by 39.
38
What is the remainder when 50 is divided by 34?
16
Calculate the remainder when 414 is divided by 31.
11
What is the remainder when 9 is divided by 4?
1
Calculate the remainder when 2 is divided by 1.
0
What is the remainder when 111 is divided by 38?
35
What is the remainder when 1296 is divided by 645?
6
What is the remainder when 278 is divided by 5?
3
Calculate the remainder when 517 is divided by 17.
7
What is the remainder when 59 is divided by 17?
8
What is the remainder when 403 is divided by 58?
55
What is the remainder when 1859 is divided by 98?
95
Calculate the remainder when 580 is divided by 117.
112
What is the remainder when 63 is divided by 25?
13
What is the remainder when 25 is divided by 9?
7
Calculate the remainder when 1426 is divided by 3.
1
What is the remainder when 844 is divided by 143?
129
What is the remainder when 1654 is divided by 49?
37
What is the remainder when 1362 is divided by 39?
36
Calculate the remainder when 768 is divided by 83.
21
Calculate the remainder when 332 is divided by 37.
36
What is the remainder when 936 is divided by 20?
16
What is the remainder when 164 is divided by 42?
38
Calculate the remainder when 509 is divided by 129.
122
Calculate the remainder when 3718 is divided by 120.
118
What is the remainder when 5405 is divided by 52?
49
Calculate the remainder when 645 is divided by 12.
9
Calculate the remainder when 1893 is divided by 269.
10
Calculate the remainder when 369 is divided by 21.
12
What is the remainder when 402 is divided by 221?
181
Calculate the remainder when 56 is divided by 34.
22
What is the remainder when 185 is divided by 26?
3
What is the remainder when 3644 is divided by 21?
11
Calculate the remainder when 9126 is divided by 14.
12
What is the remainder when 50 is divided by 24?
2
What is the remainder when 2146 is divided by 303?
25
What is the remainder when 1095 is divided by 20?
15
What is the remainder when 3577 is divided by 64?
57
Calculate the remainder when 203 is divided by 12.
11
What is the remainder when 79 is divided by 40?
39
Calculate the remainder when 86 is divided by 25.
11
What is the remainder when 188 is divided by 91?
6
What is the remainder when 262 is divided by 104?
54
Calculate the remainder when 57 is divided by 31.
26
Calculate the remainder when 505 is divided by 31.
9
Calculate the remainder when 2771 is divided by 3.
2
Calculate the remainder when 251 is divided by 12.
11
Calculate the remainder when 1715 is divided by 17.
15
Calculate the remainder when 2845 is divided by 73.
71
What is the remainder when 2863 is divided by 20?
3
What is the remainder when 527 is divided by 15?
2
What is the remainder when 177 is divided by 60?
57
Calculate the remainder when 76 is divided by 31.
14
What is the remainder when 90 is divided by 23?
21
What is the remainder when 2802 is divided by 2792?
10
What is the remainder when 208 is divided by 70?
68
Calculate the remainder when 10296 is divided by 30.
6
What is the remainder when 418 is divided by 12?
10
Calculate the remainder when 277 is divided by 35.
32
What is the remainder when 158 is divided by 39?
2
Calculate the remainder when 55 is divided by 14.
13
Calculate the remainder when 4188 is divided by 11.
8
Calculate the remainder when 192 is divided by 26.
10
Calculate the remainder when 1406 is divided by 235.
231
What is the remainder when 382 is divided by 48?
46
What is the remainder when 111 is divided by 34?
9
Calculate the remainder when 301 is divided by 81.
58
Calculate the remainder when 976 is divided by 98.
94
Calculate the remainder when 798 is divided by 788.
10
Calculate the remainder when 1857 is divided by 619.
0
Calculate the remainder when 1174 is divided by 28.
26
Calculate the remainder when 735 is divided by 94.
77
Calculate the remainder when 72 is divided by 37.
35
What is the remainder when 194 is divided by 63?
5
Calculate the remainder when 1033 is divided by 31.
10
Calculate the remainder when 51 is divided by 35.
16
Calculate the remainder when 381 is divided by 24.
21
What is the remainder when 457 is divided by 151?
4
What is the remainder when 190 is divided by 67?
56
Calculate the remainder when 34 is divided by 13.
8
What is the remainder when 15873 is divided by 49?
46
Calculate the remainder when 755 is divided by 19.
14
Calculate the remainder when 345 is divided by 12.
9
What is the remainder when 123 is divided by 43?
37
Calculate the remainder when 53310 is divided by 61.
57
What is the remainder when 333 is divided by 47?
4
Calculate the remainder when 1118 is divided by 276.
14
Calculate the remainder when 182 is divided by 9.
2
What is the remainder when 570 is divided by 106?
40
What is the remainder when 14696 is divided by 98?
94
Calculate the remainder when 838 is divided by 222.
172
Calculate the remainder when 823 is divided by 15.
13
What is the remainder when 77 is divided by 27?
23
What is the remainder when 517 is divided by 116?
53
Calculate the remainder when 472 is divided by 3.
1
Calculate the remainder when 217 is divided by 30.
7
Calculate the remainder when 1827 is divided by 22.
1
Calculate the remainder when 326 is divided by 50.
26
Calculate the remainder when 284 is divided by 13.
11
Calculate the remainder when 504 is divided by 455.
49
Calculate the remainder when 182 is divided by 96.
86
Calculate the remainder when 108 is divided by 35.
3
Calculate the remainder when 147 is divided by 53.
41
What is the remainder when 137 is divided by 15?
2
What is the remainder when 154 is divided by 26?
24
Calculate the remainder when 268 is divided by 90.
88
What is the remainder when 29 is divided by 12?
5
What is the remainder when 3092 is divided by 17?
15
Calculate the remainder when 4181 is divided by 53.
47
What is the remainder when 632 is divided by 11?
5
Calculate the remainder when 44